6610 is divided by 2766?
14
Calculate the remainder when 38858 is divided by 1343.
1254
Calculate the remainder when 4996 is divided by 2464.
68
Calculate the remainder when 7043 is divided by 3512.
19
What is the remainder when 21933 is divided by 1098?
1071
What is the remainder when 47998 is divided by 615?
28
Calculate the remainder when 31005 is divided by 246.
9
Calculate the remainder when 1558 is divided by 763.
32
Calculate the remainder when 27818 is divided by 618.
8
Calculate the remainder when 2274 is divided by 31.
11
What is the remainder when 1438 is divided by 1296?
142
Calculate the remainder when 6824 is divided by 60.
44
What is the remainder when 1217846 is divided by 24?
14
What is the remainder when 8501 is divided by 127?
119
What is the remainder when 1672632 is divided by 329?
325
Calculate the remainder when 32188 is divided by 66.
46
Calculate the remainder when 5644410 is divided by 1011.
1008
Calculate the remainder when 268215 is divided by 7058.
11
What is the remainder when 340452 is divided by 582?
564
Calculate the remainder when 118205 is divided by 158.
21
Calculate the remainder when 10798 is divided by 673.
30
What is the remainder when 28184 is divided by 5635?
9
What is the remainder when 5566 is divided by 1113?
1
Calculate the remainder when 4432765 is divided by 29.
28
What is the remainder when 34167 is divided by 17078?
11
What is the remainder when 731 is divided by 257?
217
Calculate the remainder when 42071 is divided by 187.
183
Calculate the remainder when 26399 is divided by 1769.
1633
What is the remainder when 983 is divided by 297?
92
Calculate the remainder when 109115 is divided by 106.
41
Calculate the remainder when 2085 is divided by 521.
1
Calculate the remainder when 127480 is divided by 154.
122
Calculate the remainder when 5134774 is divided by 8.
6
What is the remainder when 2180 is divided by 436?
0
Calculate the remainder when 1857 is divided by 677.
503
Calculate the remainder when 1886 is divided by 225.
86
What is the remainder when 702109 is divided by 1031?
1029
What is the remainder when 985 is divided by 510?
475
Calculate the remainder when 1337005 is divided by 22.
21
Calculate the remainder when 3849 is divided by 298.
273
What is the remainder when 7383 is divided by 2446?
45
What is the remainder when 6359 is divided by 139?
104
Calculate the remainder when 2321 is divided by 229.
31
What is the remainder when 126257 is divided by 42082?
11
Calculate the remainder when 494709 is divided by 86.
37
What is the remainder when 450898 is divided by 24?
10
Calculate the remainder when 9732 is divided by 336.
324
What is the remainder when 3863 is divided by 342?
101
What is the remainder when 568858 is divided by 2873?
4
Calculate the remainder when 1510422 is divided by 441.
438
Calculate the remainder when 14683 is divided by 361.
243
What is the remainder when 709 is divided by 269?
171
Calculate the remainder when 400287 is divided by 165.
162
What is the remainder when 10947 is divided by 365?
362
Calculate the remainder when 72466 is divided by 480.
466
What is the remainder when 84634 is divided by 84633?
1
Calculate the remainder when 334197 is divided by 557.
554
What is the remainder when 32200 is divided by 155?
115
What is the remainder when 43586 is divided by 214?
144
What is the remainder when 102100 is divided by 11?
9
Calculate the remainder when 409356 is divided by 430.
426
What is the remainder when 17783 is divided by 8876?
31
Calculate the remainder when 49028 is divided by 521.
54
What is the remainder when 1270 is divided by 389?
103
What is the remainder when 36819 is divided by 1116?
1107
What is the remainder when 262777 is divided by 87590?
7
What is the remainder when 37476 is divided by 31?
28
What is the remainder when 43451 is divided by 190?
131
What is the remainder when 7471618 is divided by 9?
7
Calculate the remainder when 27824 is divided by 115.
109
Calculate the remainder when 14524 is divided by 184.
172
Calculate the remainder when 3310 is divided by 3289.
21
What is the remainder when 88839 is divided by 830?
29
Calculate the remainder when 5997 is divided by 662.
39
Calculate the remainder when 2096 is divided by 252.
80
Calculate the remainder when 23205 is divided by 233.
138
Calculate the remainder when 3043478 is divided by 55.
53
What is the remainder when 32881 is divided by 10936?
73
What is the remainder when 10055 is divided by 322?
73
Calculate the remainder when 379 is divided by 358.
21
Calculate the remainder when 246 is divided by 137.
109
Calculate the remainder when 3992579 is divided by 79.
77
Calculate the remainder when 4001 is divided by 18.
5
Calculate the remainder when 335819 is divided by 3.
2
Calculate the remainder when 20299 is divided by 188.
183
What is the remainder when 51693 is divided by 24?
21
Calculate the remainder when 56113 is divided by 148.
21
Calculate the remainder when 14518 is divided by 854.
0
What is the remainder when 8429 is divided by 134?
121
What is the remainder when 120238 is divided by 16?
14
What is the remainder when 43056 is divided by 8605?
31
What is the remainder when 47666 is divided by 851?
10
Calculate the remainder when 471547 is divided by 28.
27
Calculate the remainder when 677619 is divided by 42.
33
Calculate the remainder when 9184 is divided by 3041.
61
What is the remainder when 12071 is divided by 165?
26
What is the remainder when 4340 is divided by 1084?
4
Calculate the remainder when 4251 is divided by 1417.
0
What is the remainder when 86484 is divided by 250?
234
What is the remainder when 27494 is divided by 2737?
124
Calculate the remainder when 211664 is divided by 26.
24
What is the remainder when 136368 is divided by 45445?
33
Calculate the remainder when 188531 is divided by 618.
41
What is the remainder when 70241 is divided by 3902?
5
What is the remainder when 7876 is divided by 39?
37
Calculate the remainder when 1500 is divided by 202.
86
What is the remainder when 2697 is divided by 2531?
166
What is the remainder when 11041329 is divided by 607?
606
What is the remainder when 50575 is divided by 25277?
21
What is the remainder when 2713 is divided by 895?
28
Calculate the remainder when 8087 is divided by 454.
369
What is the remainder when 167639 is divided by 34?
19
Calculate the remainder when 108776 is divided by 27187.
28
What is the remainder when 2007 is divided by 999?
9
Calculate the remainder when 60996 is divided by 6093.
66
What is the remainder when 1693 is divided by 1679?
14
What is the remainder when 2199 is divided by 123?
108
Calculate the remainder when 403520 is divided by 49.
5
What is the remainder when 94859 is divided by 12?
11
Calculate the remainder when 2235 is divided by 30.
15
Calculate the remainder when 113656 is divided by 2766.
250
What is the remainder when 319 is divided by 13?
7
What is the remainder when 491 is divided by 128?
107
What is the remainder when 24188 is divided by 432?
428
Calculate the remainder when 851 is divided by 36.
23
Calculate the remainder when 574 is divided by 385.
189
What is the remainder when 13492 is divided by 354?
40
What is the remainder when 812135 is divided by 199?
16
What is the remainder when 2065 is divided by 911?
243
Calculate the remainder when 50875 is divided by 40.
35
What is the remainder when 6129 is divided by 259?
172
What is the remainder when 3824 is divided by 37?
13
Calculate the remainder when 63044 is divided by 296.
292
What is the remainder when 13266 is divided by 532?
498
Calculate the remainder when 2382 is divided by 2338.
44
What is the remainder when 2343 is divided by 585?
3
What is the remainder when 37411 is divided by 102?
79
Calculate the remainder when 13549 is divided by 44.
41
What is the remainder when 63340 is divided by 17?
15
What is the remainder when 24966 is divided by 172?
26
What is the remainder when 6451 is divided by 3124?
203
Calculate the remainder when 245906 is divided by 35129.
3
Calculate the remainder when 3734 is divided by 1231.
41
Calculate the remainder when 1483040 is divided by 17.
11
Calculate the remainder when 555 is divided by 230.
95
Calculate the remainder when 14135 is divided by 89.
73
Calculate th